{"id":460,"date":"2021-03-08T08:23:17","date_gmt":"2021-03-08T07:23:17","guid":{"rendered":"https:\/\/mao.si\/shop\/?post_type=product&#038;p=460"},"modified":"2025-04-18T11:07:33","modified_gmt":"2025-04-18T09:07:33","slug":"oblikovanje-republike-arhitektura-oblikovanje-in-fotografija-v-sloveniji-1991-2011","status":"publish","type":"product","link":"https:\/\/mao.si\/shop\/izdelek\/oblikovanje-republike-arhitektura-oblikovanje-in-fotografija-v-sloveniji-1991-2011\/","title":{"rendered":"Oblikovanje republike: Arhitektura, oblikovanje in fotografija v Sloveniji 1991-2011"},"content":{"rendered":"<p>Uredil: Matev\u017e \u010celik<br \/>\nLjubljana 2011, 254 str.., slo., ang., ill.,<br \/>\nISBN 978-961-6669-17-7<\/p>\n","protected":false},"excerpt":{"rendered":"<p>Knjiga s teksti Matev\u017ea \u010celika, dr. Primo\u017ea Lampi\u010da, Cvetke Po\u017ear in \u0160pele \u0160ubic obravnava razvoj arhitekture, oblikovanja in fotografije v Sloveniji v preteklih dveh desetletjih. Izbor del predstavlja prizadevanja za spremembe, ki so v danem trenutku ponudili prave odgovore, se dotaknili ljudi in jih danes ni mogo\u010de spregledati.<\/p>\n","protected":false},"featured_media":435,"template":"","meta":[],"product_cat":[27],"product_tag":[],"_links":{"self":[{"href":"https:\/\/mao.si\/shop\/wp-json\/wp\/v2\/product\/460"}],"collection":[{"href":"https:\/\/mao.si\/shop\/wp-json\/wp\/v2\/product"}],"about":[{"href":"https:\/\/mao.si\/shop\/wp-json\/wp\/v2\/types\/product"}],"wp:featuredmedia":[{"embeddable":true,"href":"https:\/\/mao.si\/shop\/wp-json\/wp\/v2\/media\/435"}],"wp:attachment":[{"href":"https:\/\/mao.si\/shop\/wp-json\/wp\/v2\/media?parent=460"}],"wp:term":[{"taxonomy":"product_cat","embeddable":true,"href":"https:\/\/mao.si\/shop\/wp-json\/wp\/v2\/product_cat?post=460"},{"taxonomy":"product_tag","embeddable":true,"href":"https:\/\/mao.si\/shop\/wp-json\/wp\/v2\/product_tag?post=460"}],"curies":[{"name":"wp","href":"https:\/\/api.w.org\/{rel}","templated":true}]}}