{"id":4478,"date":"2025-10-21T11:23:20","date_gmt":"2025-10-21T09:23:20","guid":{"rendered":"https:\/\/mao.si\/shop\/?post_type=product&#038;p=4478"},"modified":"2026-03-05T15:29:44","modified_gmt":"2026-03-05T14:29:44","slug":"test-katalog","status":"publish","type":"product","link":"https:\/\/mao.si\/shop\/izdelek\/test-katalog\/","title":{"rendered":"Prebujanje upanja: Krmarjenje skozi (ne)gotovost, zami\u0161ljanje bolj\u0161ih prihodnosti"},"content":{"rendered":"<p><strong>Izdajatelj<\/strong>: Center za kreativnost, Muzej za arhitekturo in oblikovanje (MAO)<br \/>\n<strong>Urednika<\/strong>: Ivica Mitrovi\u0107, Dora Vanette<br \/>\n<strong>Besedila<\/strong>: James Auger, Guillem Camprodon, Lodovica Guarnieri, Jimmy Loizeau, Silvio Lorusso, Natalija Majsova, Enzio Manzini, David Martens, Ivica Mitrovi\u0107, Pirate Care, Lourdes Rodriguez, \u00c1kos Schneider, Maja \u0160u\u0161tar\u0161i\u010d, Time&#8217;s Up, Dora Vanette<br \/>\n<strong>Grafi\u010dno oblikovanje<\/strong>: Oleg \u0160uran<br \/>\n<strong>Prevod<\/strong>: Maja Furlani\u010d (italijan\u0161\u010dina)<\/p>\n<p>Nova Gorica 2025, 141 str., angle\u0161ki jezik.<\/p>\n","protected":false},"excerpt":{"rendered":"<p>Knjiga\u00a0<em>Prebujanje upanja: Krmarjenje skozi (ne)gotovost, zami\u0161ljanje bolj\u0161ih prihodnosti<\/em>, ki sta jo uredila Ivica Mitrovi\u0107 in Dora Vanette ter jo je izdal Center za kreativnost (MAO Slovenija), zdru\u017euje prispevke avtorjev, raziskovalcev in praktikov s podro\u010dij oblikovanja, arhitekture, umetnosti in dru\u017eboslovja. Razpravlja o vlogi domi\u0161ljije, solidarnosti in skupnostnega delovanja pri oblikovanju bolj pravi\u010dnih in vzdr\u017enih prihodnosti.<\/p>\n<p>Skozi eseje in \u0161tudije primerov knjiga povezuje teorijo in prakso ter prina\u0161a razmisleke o spekulativnem oblikovanju, izobra\u017eevanju, infrastrukturi skrbi in participativnih pristopih. Izpostavlja mo\u010d sodelovanja, bli\u017eine in skrbi \u2013 vrednot, ki so bile v ospredju tudi simpozija\u00a0<em>Prebujanje upanja<\/em>, ob katerem je knjiga nastala.<\/p>\n<p><a href=\"https:\/\/static1.squarespace.com\/static\/682df8e988a0ec49e7cb8baa\/t\/68d692cd2d44f53f6f88854f\/1758892749381\/Reclaming+Hope+-+Navigate+%28un%29certainty%2C+imagine+better+futures.pdf\">Digitalna verzija knjige &gt;&gt;<\/a><\/p>\n","protected":false},"featured_media":4486,"template":"","meta":[],"product_cat":[27],"product_tag":[],"_links":{"self":[{"href":"https:\/\/mao.si\/shop\/wp-json\/wp\/v2\/product\/4478"}],"collection":[{"href":"https:\/\/mao.si\/shop\/wp-json\/wp\/v2\/product"}],"about":[{"href":"https:\/\/mao.si\/shop\/wp-json\/wp\/v2\/types\/product"}],"wp:featuredmedia":[{"embeddable":true,"href":"https:\/\/mao.si\/shop\/wp-json\/wp\/v2\/media\/4486"}],"wp:attachment":[{"href":"https:\/\/mao.si\/shop\/wp-json\/wp\/v2\/media?parent=4478"}],"wp:term":[{"taxonomy":"product_cat","embeddable":true,"href":"https:\/\/mao.si\/shop\/wp-json\/wp\/v2\/product_cat?post=4478"},{"taxonomy":"product_tag","embeddable":true,"href":"https:\/\/mao.si\/shop\/wp-json\/wp\/v2\/product_tag?post=4478"}],"curies":[{"name":"wp","href":"https:\/\/api.w.org\/{rel}","templated":true}]}}