{"id":3690,"date":"2023-03-13T15:26:53","date_gmt":"2023-03-13T14:26:53","guid":{"rendered":"https:\/\/mao.si\/shop\/?post_type=product&#038;p=3690"},"modified":"2025-12-28T11:00:19","modified_gmt":"2025-12-28T10:00:19","slug":"katalog-bio27-i-supervernakularno","status":"publish","type":"product","link":"https:\/\/mao.si\/shop\/izdelek\/katalog-bio27-i-supervernakularno\/","title":{"rendered":"Katalog BIO27 I Supervernakularno"},"content":{"rendered":"<p><span style=\"font-weight: 400\">Kustosinja in urednica: Jane Withers<\/span><br \/>\n<span style=\"font-weight: 400\">Izvr\u0161na urednica: Ajda Bra\u010di\u010d<\/span><br \/>\n<span style=\"font-weight: 400\">Koordinatorica projekta: Nu\u0161a Zupanc<\/span><br \/>\n<span style=\"font-weight: 400\">Sodelujo\u010di avtorici: Ria Hawthorn, Miranda Vane<\/span><br \/>\n<span style=\"font-weight: 400\">Oblikovanje: Studio Kruh &amp; AA<\/span><br \/>\n<span style=\"font-weight: 400\">Zalo\u017eil: Muzej za arhitekturo in oblikovanje (MAO)<\/span><br \/>\n<span style=\"font-weight: 400\">Ljubljana 2022, 252 str., slo., ill.<\/span><br \/>\n<span style=\"font-weight: 400\">ISBN: 978-961-6669-87-0<\/span><\/p>\n","protected":false},"excerpt":{"rendered":"<p>Katalog je iz\u0161el ob mednarodni razstavi <strong><em>BIO27 Supervernakularno: Oblikovanje za regenerativno prihodnost<\/em><\/strong>, 27. bienale oblikovanja, ki je bila med 26. 5. in 23. 10. 2022 na ogled v Muzeju za arhitekturo in oblikovanje, v Pala\u010di Cukrarna in Ple\u010dnikovi trafiki na Pre\u0161ernovem trgu.<\/p>\n<p><span style=\"font-weight: 400\">Katalog BIO27 Supervernakularno, ki sta ga uredili <\/span><b>Jane Withers<\/b><span style=\"font-weight: 400\"> in <\/span><b>Ajda Bra\u010di\u010d<\/b><span style=\"font-weight: 400\">, slu\u017ei kot priro\u010dnik in platforma, ki opredeljuje, raziskuje in predstavlja t. i. supervernakularni pristop ter \u0161ir\u0161i oblikovalski skupnosti in drugim, ki jih zanimata ustvarjalnost in regenerativne prakse, nudi navdih in informacije.\u00a0<\/span><\/p>\n<p><span style=\"font-weight: 400\">Katalog vklju\u010duje eseje, ki ponujajo razli\u010dne poglede na na\u010dela supervernakularnega pristopa in so jih pripravili <\/span><b>Jane Withers, Jan Boelen, Adam \u0160t\u011bch, Marco Sammicheli, Bla\u017e Baji\u010d, Sophie Thomas, Milan Dinevski, Carolien Niebling, Daniel Bell, Dr. Adam Drazin, Kellenberger-White, Medprostor,\u00a0 \u0160pela Span\u017eel<\/b><span style=\"font-weight: 400\"> in drugi, spremlja pa jih obse\u017eno fotografsko in grafi\u010dno gradivo. Eno od poglavij je namenjeno dokumentiranju delovnih procesov ekip produkcijske platforme BIO27 <\/span><b>Pjorkkala, Robida.plus, Krater, Garnitura <\/b><span style=\"font-weight: 400\">in<\/span><b> Futuring<\/b><span style=\"font-weight: 400\">, in sicer<\/span> <span style=\"font-weight: 400\">od za\u010detne zasnove do kon\u010dnega rezultata njihovih ve\u010dkrat nagrajenih projektov.<\/span><\/p>\n","protected":false},"featured_media":3691,"template":"","meta":[],"product_cat":[27],"product_tag":[],"_links":{"self":[{"href":"https:\/\/mao.si\/shop\/wp-json\/wp\/v2\/product\/3690"}],"collection":[{"href":"https:\/\/mao.si\/shop\/wp-json\/wp\/v2\/product"}],"about":[{"href":"https:\/\/mao.si\/shop\/wp-json\/wp\/v2\/types\/product"}],"wp:featuredmedia":[{"embeddable":true,"href":"https:\/\/mao.si\/shop\/wp-json\/wp\/v2\/media\/3691"}],"wp:attachment":[{"href":"https:\/\/mao.si\/shop\/wp-json\/wp\/v2\/media?parent=3690"}],"wp:term":[{"taxonomy":"product_cat","embeddable":true,"href":"https:\/\/mao.si\/shop\/wp-json\/wp\/v2\/product_cat?post=3690"},{"taxonomy":"product_tag","embeddable":true,"href":"https:\/\/mao.si\/shop\/wp-json\/wp\/v2\/product_tag?post=3690"}],"curies":[{"name":"wp","href":"https:\/\/api.w.org\/{rel}","templated":true}]}}