{"id":240,"date":"2020-11-17T20:36:54","date_gmt":"2020-11-17T19:36:54","guid":{"rendered":"http:\/\/bma-event.net\/mao\/webshop\/product\/project-architecture\/"},"modified":"2024-07-31T12:48:10","modified_gmt":"2024-07-31T10:48:10","slug":"projekt-arhitektura-kreativna-praksa-v-casu-globalnega-kapitalizma","status":"publish","type":"product","link":"https:\/\/mao.si\/shop\/izdelek\/projekt-arhitektura-kreativna-praksa-v-casu-globalnega-kapitalizma\/","title":{"rendered":"Projekt arhitektura: kreativna praksa v \u010dasu globalnega kapitalizma"},"content":{"rendered":"<p>Uredili: Jeff Bickert, Petra \u010ceferin in Cvetka Po\u017ear<br \/>\nLjubljana 2010, 134 p., slo., ill.,<br \/>\nISBN 978-961-6669-12-2<\/p>\n","protected":false},"excerpt":{"rendered":"<p>Knjiga je kriti\u010dna razprava o arhitekturi kot kreativni praksi v krizi, ki izpra\u0161uje ali je v \u010dasu globalnega kapitalizma \u0161e mogo\u010de vzdr\u017eevati kriti\u010dno pozicijo do tr\u017eno orientiranega na\u010dina delovanja. Avtorji prispevkov so William Saunders, Pier Vittorio Aureli, Luis Fernandez-Galiano, Kenneth Frampton, Petra \u010ceferin in Rado Riha.<\/p>\n","protected":false},"featured_media":429,"template":"","meta":[],"product_cat":[27],"product_tag":[],"_links":{"self":[{"href":"https:\/\/mao.si\/shop\/wp-json\/wp\/v2\/product\/240"}],"collection":[{"href":"https:\/\/mao.si\/shop\/wp-json\/wp\/v2\/product"}],"about":[{"href":"https:\/\/mao.si\/shop\/wp-json\/wp\/v2\/types\/product"}],"wp:featuredmedia":[{"embeddable":true,"href":"https:\/\/mao.si\/shop\/wp-json\/wp\/v2\/media\/429"}],"wp:attachment":[{"href":"https:\/\/mao.si\/shop\/wp-json\/wp\/v2\/media?parent=240"}],"wp:term":[{"taxonomy":"product_cat","embeddable":true,"href":"https:\/\/mao.si\/shop\/wp-json\/wp\/v2\/product_cat?post=240"},{"taxonomy":"product_tag","embeddable":true,"href":"https:\/\/mao.si\/shop\/wp-json\/wp\/v2\/product_tag?post=240"}],"curies":[{"name":"wp","href":"https:\/\/api.w.org\/{rel}","templated":true}]}}