{"id":217,"date":"2020-11-17T20:21:37","date_gmt":"2020-11-17T19:21:37","guid":{"rendered":"http:\/\/bma-event.net\/mao\/webshop\/product\/karlo-kocjancic-1901-1970\/"},"modified":"2025-12-28T11:14:58","modified_gmt":"2025-12-28T10:14:58","slug":"karlo-kocjancic-1901-1970","status":"publish","type":"product","link":"https:\/\/mao.si\/shop\/izdelek\/karlo-kocjancic-1901-1970\/","title":{"rendered":"Karlo Kocjan\u010di\u010d, 1901-1970: knji\u017eevnik in fotograf"},"content":{"rendered":"<p>Uredil:\u00a0dr. Primo\u017e Lampi\u010d<br \/>\nLjubljana 1999, 121 p., slv., eng., ill.<br \/>\nISBN 961-90417-2-0<\/p>\n","protected":false},"excerpt":{"rendered":"<p>Monografija predstavlja delo Karla Kocjan\u010di\u010da, slovenskega novinarja, fotografa in knji\u017eevnika. Besedila je prispevalo ve\u010d avtorjev.<\/p>\n","protected":false},"featured_media":218,"template":"","meta":[],"product_cat":[27],"product_tag":[],"_links":{"self":[{"href":"https:\/\/mao.si\/shop\/wp-json\/wp\/v2\/product\/217"}],"collection":[{"href":"https:\/\/mao.si\/shop\/wp-json\/wp\/v2\/product"}],"about":[{"href":"https:\/\/mao.si\/shop\/wp-json\/wp\/v2\/types\/product"}],"wp:featuredmedia":[{"embeddable":true,"href":"https:\/\/mao.si\/shop\/wp-json\/wp\/v2\/media\/218"}],"wp:attachment":[{"href":"https:\/\/mao.si\/shop\/wp-json\/wp\/v2\/media?parent=217"}],"wp:term":[{"taxonomy":"product_cat","embeddable":true,"href":"https:\/\/mao.si\/shop\/wp-json\/wp\/v2\/product_cat?post=217"},{"taxonomy":"product_tag","embeddable":true,"href":"https:\/\/mao.si\/shop\/wp-json\/wp\/v2\/product_tag?post=217"}],"curies":[{"name":"wp","href":"https:\/\/api.w.org\/{rel}","templated":true}]}}