{"id":3686,"date":"2023-03-13T15:23:42","date_gmt":"2023-03-13T14:23:42","guid":{"rendered":"https:\/\/mao.si\/shop\/?post_type=product&#038;p=3686"},"modified":"2025-12-28T11:24:53","modified_gmt":"2025-12-28T10:24:53","slug":"catalogue-bio27-i-super-vernaculars","status":"publish","type":"product","link":"https:\/\/mao.si\/shop\/en\/product\/catalogue-bio27-i-super-vernaculars\/","title":{"rendered":"Catalogue BIO27 I Super Vernaculars"},"content":{"rendered":"<p><span style=\"font-weight: 400\">Curator and Editor: Jane Withers<\/span><br \/>\n<span style=\"font-weight: 400\">Executive editor: Ajda Bra\u010di\u010d\u00a0<\/span><br \/>\n<span style=\"font-weight: 400\">Catalogue project coordinator: Nu\u0161a Zupanc<\/span><br \/>\n<span style=\"font-weight: 400\">Contributing Writers: Ria Hawthorn, Miranda Vane<\/span><br \/>\n<span style=\"font-weight: 400\">Design: Studio Kruh &amp; AA<\/span><br \/>\n<span style=\"font-weight: 400\">Publisher: Museum of Architecture and Design (MAO)<\/span><br \/>\n<span style=\"font-weight: 400\">Ljubljana 2022, pp.: 252, ang., ill.<\/span><br \/>\n<span style=\"font-weight: 400\">ISBN: 978-961-6669-87-0<\/span><\/p>\n","protected":false},"excerpt":{"rendered":"<p>The catalogue was released at the international exhibition <strong><em>BIO27 Super Vernaculars: Design for a Regenerative Future<\/em><\/strong>, 27th Biennial of Design, which was between 26th May and 23d October 2022\u00a0 on view in the Museum of Architecture and Design, in Pala\u010da Cukrarna and Ple\u010dnik&#8217;s kiosk at Pre\u0161eren Square.<\/p>\n<p><span style=\"font-weight: 400\">The BIO27 Super Vernaculars catalogue, edited by <\/span><b>Jane Withers<\/b><span style=\"font-weight: 400\"> and <\/span><b>Ajda Bra\u010di\u010d<\/b><span style=\"font-weight: 400\">, serves as a handbook and a platform that defines, examines and presents the so called Super Vernaculars approach, as well as inspire and inform the wider design community as well as others interested in creativity and regenerative practices.\u00a0<\/span><\/p>\n<p><span style=\"font-weight: 400\">Accompanied by an extensive photo and graphics material, it includes essays offering different perspectives on the principles of the super vernacular by <\/span><b>Jane Withers, Jan Boelen, Adam \u0160t\u011bch, Marco Sammicheli, Bla\u017e Baji\u010d, Sophie Thomas, Milan Dinevski, Carolien Niebling, Daniel Bell, Dr. Adam Drazin, Kellenberger-White, Medprostor, \u0160pela Span\u017eel<\/b><span style=\"font-weight: 400\"> and others. One of the sections is dedicated to documenting the work processes, from the initial conception to the final outcome of the multi-award winning projects of BIO27 Production Platform teams <\/span><b>Pjorkkala, Robida.plus, Krater, Garnitura<\/b><span style=\"font-weight: 400\"> and <\/span><b>Futuring<\/b><span style=\"font-weight: 400\">.<\/span><\/p>\n","protected":false},"featured_media":3687,"template":"","meta":[],"product_cat":[16],"product_tag":[],"_links":{"self":[{"href":"https:\/\/mao.si\/shop\/en\/wp-json\/wp\/v2\/product\/3686"}],"collection":[{"href":"https:\/\/mao.si\/shop\/en\/wp-json\/wp\/v2\/product"}],"about":[{"href":"https:\/\/mao.si\/shop\/en\/wp-json\/wp\/v2\/types\/product"}],"wp:featuredmedia":[{"embeddable":true,"href":"https:\/\/mao.si\/shop\/en\/wp-json\/wp\/v2\/media\/3687"}],"wp:attachment":[{"href":"https:\/\/mao.si\/shop\/en\/wp-json\/wp\/v2\/media?parent=3686"}],"wp:term":[{"taxonomy":"product_cat","embeddable":true,"href":"https:\/\/mao.si\/shop\/en\/wp-json\/wp\/v2\/product_cat?post=3686"},{"taxonomy":"product_tag","embeddable":true,"href":"https:\/\/mao.si\/shop\/en\/wp-json\/wp\/v2\/product_tag?post=3686"}],"curies":[{"name":"wp","href":"https:\/\/api.w.org\/{rel}","templated":true}]}}

<p><span style="font-weight: 400">Curator and Editor: Jane Withers</span><br />
<span style="font-weight: 400">Executive editor: Ajda Bračič </span><br />
<span style="font-weight: 400">Catalogue project coordinator: Nuša Zupanc</span><br />
<span style="font-weight: 400">Contributing Writers: Ria Hawthorn, Miranda Vane</span><br />
<span style="font-weight: 400">Design: Studio Kruh &amp; AA</span><br />
<span style="font-weight: 400">Publisher: Museum of Architecture and Design (MAO)</span><br />
<span style="font-weight: 400">Ljubljana 2022, pp.: 252, ang., ill.</span><br />
<span style="font-weight: 400">ISBN: 978-961-6669-87-0</span></p>

<p>The catalogue was released at the international exhibition <strong><em>BIO27 Super Vernaculars: Design for a Regenerative Future</em></strong>, 27th Biennial of Design, which was between 26th May and 23d October 2022  on view in the Museum of Architecture and Design, in Palača Cukrarna and Plečnik&#8217;s kiosk at Prešeren Square.</p>
<p><span style="font-weight: 400">The BIO27 Super Vernaculars catalogue, edited by </span><b>Jane Withers</b><span style="font-weight: 400"> and </span><b>Ajda Bračič</b><span style="font-weight: 400">, serves as a handbook and a platform that defines, examines and presents the so called Super Vernaculars approach, as well as inspire and inform the wider design community as well as others interested in creativity and regenerative practices. </span></p>
<p><span style="font-weight: 400">Accompanied by an extensive photo and graphics material, it includes essays offering different perspectives on the principles of the super vernacular by </span><b>Jane Withers, Jan Boelen, Adam Štěch, Marco Sammicheli, Blaž Bajič, Sophie Thomas, Milan Dinevski, Carolien Niebling, Daniel Bell, Dr. Adam Drazin, Kellenberger-White, Medprostor, Špela Spanžel</b><span style="font-weight: 400"> and others. One of the sections is dedicated to documenting the work processes, from the initial conception to the final outcome of the multi-award winning projects of BIO27 Production Platform teams </span><b>Pjorkkala, Robida.plus, Krater, Garnitura</b><span style="font-weight: 400"> and </span><b>Futuring</b><span style="font-weight: 400">.</span></p>
